-5). Give j(o).
1
Let r(p) = p**2 + 4*p + 2. Let i be 4/(2 - (-24)/(-10)). Let j be 4/i - (-32)/(-20). Let c = j - 0. Determine r(c).
-2
Let f(s) = -s + 1. Let z be f(-3). Let v(c) = -c + z - 2 - c**2 - 2*c. Give v(-3).
2
Let o = -8 - -6. Let s be -1*(-3)/(-6)*o. Let q(w) = w + 0*w + 2 - 4 + s. Calculate q(-1).
-2
Let m(p) = -p**3 + 3*p**2 + 3*p + 2. Let v = 12 - 8. Determine m(v).
-2
Let a(q) = -q**2 + 9*q - 3. Let l be a(9). Let d(k) = k**2 + k - 4. Let v be d(-3). Let o be (-1)/(l/6*v). Let y(m) = m + 1. Calculate y(o).
2
Let l(u) = u**3 - u**2. Let v(w) be the second derivative of w**4/12 + w**3/2 + 5*w**2/2 - 4*w. Let m be v(-4). Let z = -10 + m. Determine l(z).
-2
Let g(h) = 2*h**2 - 5*h - 6. Suppose 19 = 5*o - 6. Give g(o).
19
Suppose 0 = 5*a - 6 - 9, -2*v - 12 = -2*a. Let k(n) = -n**3 - 3*n**2 - 1. Calculate k(v).
-1
Let m(d) = 2*d**2 - 6*d - 5 - 7*d**2 + 4*d**2. Suppose 3*k + 7 = 5*i, 3 - 1 = -2*i. Give m(k).
3
Let l(r) be the first derivative of -r**2/2 + 3*r - 3. Let p be 3 - (-1)/((-1)/(-2)). Calculate l(p).
-2
Suppose 0 + 8 = -4*q, 18 = -2*l - q. Let a(k) = -k**2 - 8*k + 2. Calculate a(l).
2
Let b(z) = -z - 14. Let s be ((-2)/3)/((-16)/18 + 1). What is b(s)?
-8
Let a(n) = -n**2 + n + 1. Let p(g) = -2*g**3 - g**2. Let m be p(1). Determine a(m).
-11
Let m(c) = 9*c**3 - 5*c**2 + 6*c. Let d(z) = -10*z**3 + 6*z**2 - 7*z. Let b(k) = -6*d(k) - 7*m(k). Suppose 0 = -0*n - 4*n - 4. Calculate b(n).
2
Let y(f) = 4*f**2 - 4 + 9*f - 5*f + f**3 - 6*f. Calculate y(-3).
11
Let k be -6*4*2/(-12). Let r(v) be the third derivative of -v**7/2520 + v**6/180 + v**5/60 + 2*v**2. Let b(y) be the third derivative of r(y). Determine b(k).
-4
Suppose 6*r + 6 = 4*r. Let i(x) = x**2 + x - 1. Give i(r).
5
Let r(k) = k - 4. Let s be r(4). Let l(b) = b**2 - b + 8. Give l(s).
8
Let z(y) be the second derivative of -y**5/60 + y**4/4 - 2*y**3/3 - 2*y**2 - y. Let j(q) be the first derivative of z(q). Calculate j(5).
1
Let r(d) = -8*d**3 - 2*d**2 + 7*d - 11. Let o(l) = 7*l**3 + l**2 - 6*l + 10. Let s(m) = -7*o(m) - 6*r(m). Calculate s(3).
14
Let w(i) = -i**2 + 8*i + 3. Let s(y) = -y - 2. Let v(x) = -4*s(x) - w(x). What is v(4)?
5
Let a = -2 + 7. Suppose -j + 1 = a. Let z(k) = k**2 + 2*k. Calculate z(j).
8
Let t(r) = -6*r + 2. Suppose 0*y + 25 = 5*y - 2*s, 0 = -4*y - 2*s + 38. Let u = y - 5. Let b(c) = 42*c - 15. Let f(l) = u*b(l) + 15*t(l). What is f(1)?
-6
Let w(s) = s**2 + s**2 + 2*s**2 - 2 - 5*s - 5*s**2. What is w(-5)?
-2
Suppose 2*j + j = 0. Let z(y) = y**2 + y - 3. Give z(j).
-3
Let m(b) be the third derivative of b**4/8 + b**3/6 + 4*b**2. Calculate m(-2).
-5
Let v(j) be the second derivative of j**3/2 + 3*j**2/2 + 16*j. Let a = 0 - 2. Calculate v(a).
-3
Let d(y) = y**3 + y**2 - y - 6. Suppose 3*c = -0*b + b + 58, 5*b - 30 = -c. Suppose -4*u = 2*f + c, 4*u = -3*f + 8*u + 20. Determine d(f).
-6
Let o(j) be the third derivative of -j**5/60 - j**4/4 + j**3/2 + 2*j**2. Let v = -12 - -8. Let m(d) = -d**2 - 2*d + 3. Let r be m(v). Give o(r).
8
Let i be 2/7*(7 - 0). Let c(f) = 2*f + 2. Calculate c(i).
6
Let q(l) = -3*l**3 - 2*l**2 - 1. Let v be q(-2). Let d = v - 8. Let p be 4/(-14) - (-2)/d. Let w(c) = -c - 6. Calculate w(p).
-6
Let y(k) = -k**2 - 4*k - 2. Suppose 3*v - 5*t + 37 = -0*t, 2*t - 26 = 4*v. Determine y(v).
-2
Let q(p) = -2*p**3 + 0*p**3 + 1 + 3*p**3 + p**2 + 2*p. Suppose -5*r + r - 3*t = -12, -3*r = t - 4. Let h = -2 + r. Give q(h).
-7
Let r be (-6)/27 - 22/(-18). Let b(y) = -3*y**2 + 4*y**2 - 5*y**3 + 3*y**3. Let j be b(r). Let m(w) = 2*w**3 - w**2. Determine m(j).
-3
Suppose v + 3 = -5*n - 1, 5*n - 5*v - 20 = 0. Suppose -3*q + n*q = 12. Let y(d) = -d**3 - 5*d**2 - 4*d - 2. Calculate y(q).
-2
Suppose 2*i + 5 = -11. Let m = -8 - i. Let x(f) = f**2 - f + 12. Determine x(m).
12
Let o(v) be the third derivative of v**4/6 + v**2. Suppose 4*n - 10 = 2*x, -3*x + 7 + 2 = 2*n. Suppose -n*d - 5 + 2 = 0. Give o(d).
-4
Let u(s) = -s**2 - s + 1. Let o(k) = k**2 - 3*k - 4. Let m be o(4). Let l(c) = c**2 + c - 4. Let i be l(-3). Suppose -p + i*p = m. What is u(p)?
1
Let h(x) = -73*x + 68*x + 0*x**2 + 3 - x**2. Give h(-5).
3
Let f(k) be the first derivative of -8*k**3/3 + k**2/2 - k + 2. Calculate f(1).
-8
Let d(v) = 10*v**3 + 26*v**2 - 6*v + 6. Let y(f) = 2*f**3 + 5*f**2 - f + 1. Let l(n) = 2*d(n) - 11*y(n). Give l(-2).
7
Suppose 5*k - 6 = 2*k. Suppose -k*v - 2 = -0. Let s be 5*(2 + v) - 1. Let n(w) = -w**2 + w + 2. Calculate n(s).
-10
Let v = 6 + -10. Let k(t) be the third derivative of -t**5/60 - t**4/6 + t**3/3 - t**2. Let h be k(v). Let z(j) = j**3 + j**2 - 2*j - 1. Give z(h).
7
Suppose o + 21 = 4*o - 4*f, 0 = 4*o + 4*f. Let h be 20/6*(-1 + 33/15). Let d(l) = -o*l - h - 3*l**2 + 4*l - 2*l + 4*l**2. Calculate d(3).
2
Let b(i) = -3*i**2 + 2*i - 2. Let v(g) = -g**2 + g. Let c(p) = b(p) - 4*v(p). What is c(-2)?
6
Let z(p) be the first derivative of -4*p**3/3 + p + 40. What is z(1)?
-3
Let r be (-6)/4*20/(-15). Suppose p + r = 2*p. Suppose -5*n - 10 = -p*m, -4*n = 3*m + m - 20. Let a(b) = -b**3 + b**2 - 5. Calculate a(n).
-5
Suppose -l + 0*l = -4*m + 8, 4*m - 2*l = 4. Let q(k) be the third derivative of -k**4/12 + 2*k**3/3 + k**2. Determine q(m).
-2
Let z(o) be the second derivative of o**3/3 + 2*o**2 + 15*o. Suppose 0 = -a - 2*a - 12. Determine z(a).
-4
Let g = 9 - 15. Let x(n) = -n**2 - 6*n. Let t be x(g). Suppose t = -5*d + 18 + 7. Let p(w) = 3*w - 4. Calculate p(d).
11
Let t(v) = v**2 - 5*v - 3. Suppose -x = 2*x. Let g be (-1 + 6/4)*x. Suppose g = z + 1 - 5. Give t(z).
-7
Let u(m) = -m + 31 + 32 - m**2 + 3*m - 62. Calculate u(-3).
-14
Suppose -m - 3*m + 16 = 0. Let j(r) be the second derivative of -r**5/20 + r**4/4 + r**3/2 - 3*r**2/2 + 2*r. Calculate j(m).
-7
Suppose t - 2*t + 4 = 0. Let i(d) = 3*d**3 + 6*d**2 + d - 1. Let u(j) = 8*j**3 + 18*j**2 + 3*j - 3. Let o(c) = t*u(c) - 11*i(c). Give o(6).
5
Suppose 5*p - 32 = -3*s, -16 = -3*p - s - 0. Suppose -2*l + 0*x = -2*x + 8, -x = p*l - 9. Let k(f) = 6*f**3 + 2*f**2 - f. Calculate k(l).
7
Let f(v) be the first derivative of v**6/120 + v**5/30 - v**4/12 + 2*v**3/3 - v**2 + 3. Let b(h) be the second derivative of f(h). Determine b(-3).
1
Let q(b) = 8*b**3. Let c be q(1). Suppose 3*x - 6 = d, -3*x - d - 10 = -c*x. Let p(o) = 4 - o**x - 5 - 2*o - 4*o. What is p(-4)?
7
Let o be 1/1 + (2 - 2). Let f be (2/o)/(4/(-6)). Let n(v) = v**3 + 4*v**2 + 5*v + 3. Calculate n(f).
-3
Let p = -7 - -9. Let n be (2/(-4))/((-1)/p). Let u(o) = -8*o + 1. What is u(n)?
-7
Let o(r) be the second derivative of r**3/6 - r**2 - 301*r. Let v(m) = -m - 2. Let f be v(-5). Calculate o(f).
1
Let s(d) = d**3 - d**2 - 2*d - 3. Suppose -2*g + t = -t, 4*g = t + 9. What is s(g)?
9
Let x(n) = n**3 - 2*n**2 - 3*n + 3. Let w be ((-69)/(-15) + -4)*5. What is x(w)?
3
Let x be 8/8 + 1 + -1. Let g(k) = -2*k**2 - 2*k - x + k - k**3 + 5*k**2 + 3*k. Give g(3).
5
Let u(h) = 3*h. Let p be (-9)/(-15) + (-611)/(-65). Give u(p).
30
Let q(g) = -3*g**2 - 3*g + 3. Suppose 0 = 4*s - 4*k - 16, -5*s + 6 = 3*k - k. Give q(s).
-15
Let y(r) = -4*r**2 - 7*r + 6. Let w = 5 + -8. Let p(u) = 5*u**2 + 7*u - 7. Let j(k) = w*p(k) - 4*y(k). Calculate j(-7).
-3
Let w(c) be the first derivative of -2*c**3/3 + c**2 - 3*c + 18. Give w(2).
-7
Let w(x) be the second derivative of -11*x**4/12 + x**3/6 - x**2/2 - x. Determine w(1).
-11
Let m(i) = 1. Let o(y) = y**3 - 3*y**2 - y + 5. Let f(w) = -5*m(w) + o(w). Give f(3).
-3
Let o(m) be the second derivative of -1/20*m**5 + 0*m**3 - 3/2*m**2 - 1/12*m**4 + 2*m + 0. What is o(0)?
-3
Let v(o) = o**2 - 2. Let w be v(-2). Let z = 0 - -6. Let a(q) = q**3 + 4*q - 4*q - q**w + z. What is a(0)?
6
Let x = -5 + 1. Let s(q) = -2*q - 5. Let z be s(x). Let j(k) be the second derivative of k**5/20 - k**4/4 + k**3/2 - k**2 - 3*k. What is j(z)?
7
Let s(c) = -c + 2. Let v(j) = 2. Let q(o) = -s(o) - v(o). Calculate q(-5).
-9
Let l(o) = -o**3 - 5*o**2 + o - 5. Let a(j) = j**3 + 4*j**2 - j + 4. Let u(k) = -6*a(k) - 5*l(k). Calculate u(-1).
2
Let o(m) be the third derivative of -m**7/2520 + m**6/360 + m**5/60 - 5*m**4/24 - 4*m**2. Let d(n) be the second derivative of o(n). What is d(4)?
-6
Let h(a) = 6 + 5*a + 3*a - 15 + 15 - 2*a**2. Give h(6).
-18
Suppose f - 2*f - 2*j = -10, -8 = -4*j. Let m(v) = 2*v - 5 - 7 + 3. Determine m(f).
3
Let o(x) be the first derivative